 246005 (base 7) to base 16.
b0e1
Convert -867549 (base 12) to base 13.
-596751
-14df0 (base 16) to base 9
-140236
Convert 662371 (base 8) to base 14.
5b0db
Convert -1234046 (base 8) to base 15.
-6b539
2403241 (base 5) to base 9
66556
Convert 22200121202010 (base 3) to base 2.
10001100111011100101101
What is -a9860 (base 11) in base 10?
-159423
-2101221210 (base 3) to base 5
-3003402
15b341 (base 12) to base 2
1011010110100100001
What is -101001001001011001110 (base 2) in base 15?
-1b976c
Convert -403031242 (base 5) to base 3.
-10000212111020
-31230302203 (base 4) to base 10
-3591331
What is 255191 (base 10) in base 6?
5245235
-15054543 (base 8) to base 7
-41106126
Convert -100011010001011 (base 2) to base 5.
-1034214
What is 40601247 (base 8) in base 3?
121011012122010
Convert -1406711 (base 8) to base 6.
-12300441
What is 111457 (base 10) in base 5?
12031312
8335a (base 14) to base 9
531704
Convert 12100201102 (base 3) to base 12.
51078
1212001222101 (base 3) to base 10
985591
Convert 41b2e (base 15) to base 6.
4244442
What is 13482300 (base 9) in base 13?
14c5b93
-1b3d (base 14) to base 11
-37a5
What is 33050123 (base 6) in base 14?
1b9627
87c28 (base 13) to base 7
2042665
-7705961 (base 11) to base 14
-1b24d9d
Convert 138269 (base 10) to base 8.
416035
-34a125 (base 16) to base 9
-6436271
What is -184109 (base 14) in base 7?
-10164412
What is -1101010011101010 (base 2) in base 3?
-2202202202
What is -6262453 (base 7) in base 9?
-1370384
Convert -10627526 (base 10) to base 14.
-15a9010
Convert -12caa3 (base 15) to base 6.
-31211000
What is 3140144 (base 6) in base 9?
252771
Convert 600355 (base 8) to base 2.
110000000011101101
Convert 148a58 (base 13) to base 11.
315359
-3674050 (base 8) to base 9
-1814604
Convert -302320323022 (base 4) to base 5.
-11403342422
150431151 (base 6) to base 8
13703113
-11340213 (base 7) to base 16
-f476d
What is 308604 (base 10) in base 9?
520283
Convert 5533 (base 15) to base 11.
12618
1133102331 (base 4) to base 7
3213666
100504a (base 12) to base 3
12122010221011
What is 1110011010100111110 (base 2) in base 12?
1a9452
-776004 (base 8) to base 2
-111111110000000100
4456554 (base 7) to base 4
2012303223
What is 2134150 (base 7) in base 2?
111111101010011100
What is -1003756 (base 8) in base 5?
-31423144
What is -11110000101011110 (base 2) in base 6?
-2350302
What is 3d97de (base 16) in base 11?
2307813
503648 (base 9) to base 15
5d442
What is -2318805 (base 11) in base 14?
-776c2d
43340234 (base 5) to base 15
75049
768756 (base 13) to base 6
135441103
Convert 7841a (base 12) to base 14.
42222
Convert 203232042 (base 5) to base 7.
10052561
Convert -20141361 (base 7) to base 11.
-a437a6
335150 (base 6) to base 5
1401422
-11130112321 (base 4) to base 5
-331124443
What is -848243 (base 10) in base 4?
-3033011303
Convert -691c3 (base 13) to base 5.
-22111332
-252d4 (base 16) to base 8
-451324
What is -100841 (base 13) in base 3?
-200221020122
What is 3102232020 (base 4) in base 11?
53a518
Convert -198b6 (base 13) to base 8.
-141253
What is 54984 (base 16) in base 11?
217370
1424003410 (base 5) to base 13
a09c97
-834919 (base 10) to base 4
-3023311213
What is -44091b (base 14) in base 12?
-932b11
What is 52af89 (base 16) in base 9?
11168277
1d828 (base 15) to base 13
34b08
14510333 (base 7) to base 3
2121011000202
-1100121201112 (base 3) to base 15
-e386e
What is -586a9 (base 11) in base 15?
-1a168
Convert 320684 (base 9) to base 14.
4d78b
133603361 (base 7) to base 11
49a6289
Convert -27582 (base 13) to base 7.
-424101
Convert -368acb (base 13) to base 16.
-13e866
566099 (base 11) to base 12
375637
1203568 (base 10) to base 2
100100101110101110000
What is 14792 (base 13) in base 9?
58015
What is -434039 (base 10) in base 4?
-1221331313
Convert -120105202 (base 6) to base 9.
-4206222
39d29 (base 15) to base 14
4b6d8
Convert -12694 (base 11) to base 2.
-100011011010100
Convert 23432342 (base 5) to base 8.
651367
Convert -11030 (base 14) to base 13.
-159a5
What is 100010101100000011111 (base 2) in base 15?
176bd1
-19bab1 (base 12) to base 11
-29169a
What is -100300133 (base 5) in base 14?
-a5b07
What is -51a9b2 (base 13) in base 5?
-442034122
Convert -30332311032 (base 4) to base 3.
-20101220011020
What is 221231310 (base 4) in base 15?
35963
-12334440 (base 5) to base 7
-1013325
206270 (base 13) to base 9
1372268
Convert 29303 (base 16) to base 8.
511403
Convert 1101011011100010000 (base 2) to base 16.
6b710
Convert 3133342143 (base 5) to base 8.
30754077
What is 1100110000010000010 (base 2) in base 4?
1212002002
12200120222 (base 3) to base 15
23298
592a745 (base 11) to base 12
3572028
Convert 432ad9 (base 16) to base 15.
5be3db
What is -490a96 (base 13) in base 12?
-701342
What is 45617 (base 10) in base 4?
23020301
-111000000101110 (base 2) to base 13
-100c1
What is -332331250 (base 6) in base 5?
-3013441002
Convert 1124702 (base 8) to base 4.
1022213002
Convert -32a629 (base 12) to base 4.
-3010310001
What is 3c606 (base 16) in base 9?
416210
Convert 22aaa8 (base 11) to base 8.
1312706
What is -206060 (base 9) in base 10?
-122526
476507 (base 9) to base 13
a078c
-1224231 (base 5) to base 6
-301403
Convert 39e3f3 (base 16) to base 5.
1432401112
Convert 1447156 (base 8) to base 6.
12505222
What is -43604 (base 13) in base 9?
-205132
What is -30121203232 (base 4) in base 3?
-20010010201201
Convert 29756 (base 13) to base 7.
443561
What is -873ab (base 12) in base 6?
-3454335
What is 7c9d6 (base 14) in base 9?
512646
What is -43c0d6 (base 14) in base 6?
-121142324
Convert 10111010010001101010 (base 2) to base 5.
143403421
-88703a (base 11) to base 4
-11121123300
-1000003301012 (base 4) to base 13
-362c5a0
Convert 1000011010101001 (base 2) to base 3.
1202021210
-30ba (base 13) to base 16
-1a58
-14dca (base 16) to base 10
-85450
24346b (base 15) to base 12
6b6648
What is -295928 (base 10) in base 5?
-33432203
Convert 23231103332 (base 4) to base 14.
59c714
What is -322000121 (base 4) in base 7?
-2006456
11011001000100100001011 (base 2) to base 13
1620778
-11441255 (base 7) to base 6
-33455145
Convert 204032 (base 10) to base 2.
110001110100000000
Convert 78860 (base 9) to base 10.
52461
Convert -1053651 (base 7) to base 16.
-1ffc5
What is -ba10 (base 12) in base 6?
-234420
What is -66353323 (base 7) in base 9?
-11663631
What is -834123 (base 15) in base 14?
-b863d7
What is 1001202101000 (base 3) in base 2?
10001010001011010110
Convert -123232430 (base 5) to base 3.
-1010121010012
9804 (base 11) to base 14
4a11
What is 12112133103 (base 4) in base 11?
a37a18
Convert -853c8 (base 15) to base 3.
-210110212222
What is 3135121 (base 7) in base 9?
636467
-3416551 (base 7) to base 4
-1213233103
1020110121100222 (base 3) to base 14
250d93c
-30887 (base 10) to base 11
-2122a
-45103602 (base 7) to base 10
-3900549
Convert -16a1304 (base 12) to base 5.
-2200013000
-a376a3 (base 15) to base 8
-35511201
What is -402baa (base 14) in base 8?
-10170762
What is 471a6 (base 13) in base 2?
11111101110001000
-251730 (base 8) to base 11
-5a401
-31310153 (base 6) to base 9
-1637776
8841 (base 12) to base 5
440100
122026 (base 10) to base 5
12401101
3660032 (base 7) to base 9
783242
What is 200113111323 (base 4) in base 14?
11abcb9
-8a292 (base 15) to base 8
-1532051
-9d1e3 (base 16) to base 7
-5320153
What is -18e3b (base 15) in base 10?
-80831
What is -12434435 (base 7) in base 13?
-309725
What is -18a06a (base 12) in base 16?
-697d2
1c76345 (base 13) to base 5
4412332443
What is 44529 (base 15) in base 9?
360803
Convert -4299a3 (base 11) to base 15.
-d86cc
155186 (base 10) to base 5
14431221
What is -101013213 (base 4) in base 16?
-111e7
11022203032 (base 4) to base 6
45004114
-a9c9bc (base 14) to base 6
-323233150
What is -27546704 (base 9) in base 2?
-110011111011010110101011
What is 1154425 (base 6) in base 2?
1111000111110001
Convert 402737 (base 8) to base 4.
200113133
Convert -526b5a (base 16) to base 4.
-110212231122
What is -2004042314 (base 5) in base 8?
-17115000
10110101100101010 (base 2) to base 3
11201112100
-9514ba (base 13) to base 5
-1343044333
What is -420230230 (base 5) in base 4?
-12211213130
2651074 (base 8) to base 12
2b9450
-55160 (base 11) to base 14
-21259
Convert 22222211 (base 3) to base 16.
199c
Convert -26